 digit of 126782395?
7
What is the hundreds digit of 118075402?
4
What is the hundreds digit of 155523011?
0
What is the ten millions digit of 3632678184?
3
What is the hundred millions digit of 4215957410?
2
What is the hundred millions digit of 3487922202?
4
What is the hundreds digit of 387616136?
1
What is the ten thousands digit of 5112470287?
7
What is the thousands digit of 1063427499?
7
What is the millions digit of 3335097827?
5
What is the billions digit of 4938430683?
4
What is the ten millions digit of 701893055?
0
What is the millions digit of 2328170034?
8
What is the millions digit of 31742962?
1
What is the ten millions digit of 1438003220?
3
What is the millions digit of 291405031?
1
What is the thousands digit of 6268033?
8
What is the thousands digit of 2043601873?
1
What is the millions digit of 2198089815?
8
What is the hundred thousands digit of 773065275?
0
What is the ten thousands digit of 12646503?
4
What is the hundred thousands digit of 96075158?
0
What is the ten millions digit of 95393993?
9
What is the tens digit of 2203941925?
2
What is the units digit of 95760212?
2
What is the ten thousands digit of 21679065?
7
What is the thousands digit of 100781229?
1
What is the ten millions digit of 101421036?
0
What is the hundred millions digit of 1849969518?
8
What is the hundreds digit of 1447892319?
3
What is the ten millions digit of 859149303?
5
What is the thousands digit of 63355?
3
What is the hundred thousands digit of 836200089?
2
What is the ten thousands digit of 2025969447?
6
What is the hundreds digit of 381747761?
7
What is the thousands digit of 884658955?
8
What is the millions digit of 763948909?
3
What is the hundred millions digit of 5494696038?
4
What is the ten thousands digit of 121321263?
2
What is the millions digit of 109090852?
9
What is the hundred thousands digit of 508099207?
0
What is the hundred thousands digit of 297932472?
9
What is the hundred millions digit of 431473416?
4
What is the tens digit of 706857758?
5
What is the millions digit of 330682276?
0
What is the millions digit of 455436592?
5
What is the thousands digit of 23524363?
4
What is the millions digit of 292182096?
2
What is the hundred thousands digit of 119431956?
4
What is the hundred millions digit of 212864540?
2
What is the ten millions digit of 136393327?
3
What is the tens digit of 100640207?
0
What is the millions digit of 41824584?
1
What is the ten millions digit of 1033512603?
3
What is the millions digit of 3501270113?
1
What is the ten millions digit of 2818232835?
1
What is the hundred millions digit of 188272555?
1
What is the ten thousands digit of 1275602398?
0
What is the ten thousands digit of 119476645?
7
What is the millions digit of 50822597?
0
What is the hundred millions digit of 124076138?
1
What is the ten thousands digit of 2802679210?
7
What is the hundreds digit of 1121590963?
9
What is the hundreds digit of 58225427?
4
What is the hundreds digit of 1089994616?
6
What is the hundred thousands digit of 3381796306?
7
What is the tens digit of 33285806?
0
What is the ten thousands digit of 4213911292?
1
What is the thousands digit of 366831345?
1
What is the hundred thousands digit of 217253624?
2
What is the billions digit of 1184224993?
1
What is the ten millions digit of 58532164?
5
What is the ten thousands digit of 2297741567?
4
What is the units digit of 1989250216?
6
What is the ten millions digit of 4235134419?
3
What is the millions digit of 110354914?
0
What is the hundred thousands digit of 9643268?
6
What is the hundred millions digit of 5007565625?
0
What is the hundreds digit of 37850945?
9
What is the tens digit of 3109203474?
7
What is the millions digit of 1370811076?
0
What is the tens digit of 1042410374?
7
What is the hundreds digit of 321385470?
4
What is the millions digit of 1150194440?
0
What is the hundred thousands digit of 85929848?
9
What is the millions digit of 160401140?
0
What is the millions digit of 1784224992?
4
What is the thousands digit of 204234533?
4
What is the ten thousands digit of 31154964?
5
What is the thousands digit of 261180209?
0
What is the hundred millions digit of 142191074?
1
What is the ten thousands digit of 347025620?
2
What is the hundreds digit of 670330650?
6
What is the ten thousands digit of 3633848569?
4
What is the millions digit of 801416220?
1
What is the billions digit of 3289446991?
3
What is the tens digit of 765140964?
6
What is the ten millions digit of 975111726?
7
What is the millions digit of 3542430556?
2
What is the ten thousands digit of 4974053193?
5
What is the hundreds digit of 43511964?
9
What is the units digit of 453666458?
8
What is the ten millions digit of 1526734101?
2
What is the thousands digit of 7070040789?
0
What is the billions digit of 3512498832?
3
What is the millions digit of 2237441042?
7
What is the millions digit of 446294630?
6
What is the units digit of 122431895?
5
What is the units digit of 60618457?
7
What is the ten thousands digit of 23068220?
6
What is the thousands digit of 226915808?
5
What is the hundred thousands digit of 234284692?
2
What is the ten thousands digit of 11737406?
3
What is the tens digit of 762343893?
9
What is the hundred thousands digit of 6735716770?
7
What is the ten millions digit of 758873353?
5
What is the tens digit of 7225648?
4
What is the tens digit of 43302495?
9
What is the millions digit of 148991081?
8
What is the millions digit of 29718676?
9
What is the hundred millions digit of 955627016?
9
What is the hundred millions digit of 107162960?
1
What is the millions digit of 627512973?
7
What is the hundreds digit of 7681315?
3
What is the tens digit of 51329537?
3
What is the ten thousands digit of 24563589?
6
What is the tens digit of 2893736128?
2
What is the millions digit of 197642066?
7
What is the ten millions digit of 439692749?
3
What is the hundred thousands digit of 8578096128?
0
What is the hundreds digit of 64071868?
8
What is the tens digit of 467375338?
3
What is the hundreds digit of 481961583?
5
What is the thousands digit of 42422014?
2
What is the millions digit of 861538144?
1
What is the millions digit of 1369710132?
9
What is the ten millions digit of 61918421?
6
What is the ten millions digit of 254318055?
5
What is the billions digit of 1330611428?
1
What is the hundreds digit of 369153626?
6
What is the units digit of 8082045?
5
What is the tens digit of 4193877794?
9
What is the hundred thousands digit of 24407256?
4
What is the hundreds digit of 96710514?
5
What is the ten millions digit of 40328523?
4
What is the ten thousands digit of 79169523?
6
What is the thousands digit of 262527060?
7
What is the ten thousands digit of 431142940?
4
What is the tens digit of 102281106?
0
What is the hundred millions digit of 967300512?
9
What is the hundred millions digit of 4734463154?
7
What is the ten millions digit of 6664269733?
6
What is the hundred millions digit of 825940673?
8
What is the ten thousands digit of 42160187?
6
What is the millions digit of 47571794?
7
What is the hundreds digit of 18648630?
6
What is the tens digit of 30961808?
0
What is the units digit of 353621997?
7
What is the millions digit of 472769067?
2
What is the hundred millions digit of 175204017?
1
What is the hundred thousands digit of 268859729?
8
What is the ten thousands digit of 254698811?
9
What is the ten thousands digit of 655173976?
7
What is the units digit of 5857197?
7
What is the units digit of 8546546118?
8
What is the ten millions digit of 461760323?
6
What is the thousands digit of 4835595392?
5
What is the hundred thousands digit of 6599734?
5
What is the hundred millions digit of 293179199?
2
What is the hundred thousands digit of 47957753?
9
What is the millions digit of 996733179?
6
What is the hundred thousands digit of 361981668?
9
What is the tens digit of 327261184?
8
What is the thousands digit of 118684736?
4
What is the millions digit of 403367716?
3
What is the millions digit of 7453232?
7
What is the thousands digit of 512029083?
9
What is the ten thousands digit of 14255245?
5
What is the millions digit of 829419490?
9
What is the thousands digit of 708692951?
2
What is the units digit of 28236941?
1
What is the millions d